Calculate the greatest common factor of m and 300.
50
Let n(j) = 692*j - 3028. Let d be n(5). Calculate the greatest common factor of d and 162.
54
Suppose -18*o + 16 = -14*o. Suppose 0 = 3*p - 3*n - 75, 5*p + o*n + 9 = 125. Calculate the highest common divisor of p and 24.
24
Let y = 32376 + -30264. Calculate the greatest common divisor of y and 143.
11
Let s be (1 + -13)*((-3500)/(-105))/(-10). Calculate the highest common factor of s and 4510.
10
Let t(d) = -d**3 - 10*d**2 + 3*d - 7. Let y be t(-11). Let m = y - -270. What is the greatest common divisor of m and 27?
27
Suppose 8*a + 13 - 1133 = 0. Suppose -4 = 4*t - 308. Suppose -4*j = 5*k - 148, -3*k + 5*j + t = j. Calculate the greatest common factor of a and k.
28
Suppose 19*f = 15*f + 8. Let m be ((-2208)/240)/(f/(-10)). Calculate the greatest common divisor of m and 115.
23
Let h be 561/(-2)*4/(-6). Suppose 105 = -10*b + 31*b. Suppose 3*a + 39 = 2*w + 4*a, -b*w + 3*a = -70. Calculate the greatest common factor of w and h.
17
Suppose g = u + 216, 3*g - 339 - 309 = 4*u. Calculate the greatest common divisor of g and 1161.
27
Let y = 4117 - 555. What is the greatest common divisor of y and 208?
26
Suppose -9 = -5*a + 1. Suppose 5*x - q = 506, -x + 310 = a*x + q. Let o be -34*1/(-5)*(-21 - (-338)/13). Calculate the highest common divisor of x and o.
34
Suppose 3*c - 3*a + 182 = c, -4*c - 344 = -a. Let q be 129/30*-8 - (-6)/15. Let y = q - c. Calculate the greatest common divisor of 17 and y.
17
Let t(u) = -19*u - 109. Let f be t(-6). Let n be 221/f + 12/(-60). What is the greatest common divisor of 77 and n?
11
Suppose -185*j = 254*j + 63109 - 164957. Let s(l) = l**3 + 9*l**2 - 2*l - 10. Let a be s(-9). Calculate the greatest common divisor of j and a.
8
Let b be (77/(-14) - -5)/((-2)/44). Suppose 11*j + b*j - 484 = 0. Calculate the greatest common factor of j and 814.
22
Suppose r + 0*r = 30. Let s be 2*435/6*6526/1255 + -4. Calculate the greatest common factor of r and s.
30
Let l = 334 + -342. Let q be (l + (-315)/(-36))/((-3)/(-8)). Let k = -8 - -16. Calculate the highest common divisor of q and k.
2
Suppose -38*g - 4840 = 17*g. Let v be (-9 - (-24)/3)*g. Let c = -27 + 38. What is the highest common divisor of c and v?
11
Suppose 59*a - 62*a = 3*l - 48, 3*a + l - 46 = 0. Calculate the highest common factor of 44 and a.
1
Let v be 4/16*32*1. What is the greatest common factor of v and 1520?
8
Let s = -182 + 358. Suppose 1360 + s = 12*q. What is the highest common divisor of q and 448?
64
Let y = -1918 + 1966. Calculate the greatest common divisor of y and 86.
2
Let n be -15703*(15/(-13) + 445/(-65) + 7). Calculate the highest common factor of 41 and n.
41
Suppose 0*t = t - 2. Suppose 0 = 26*j - 4*j - 264. Suppose -2*q + j = 4. Calculate the greatest common divisor of q and t.
2
Let l(s) = s**2 + 14*s + 32. Let b(f) = f + 1. Let y(h) = -2*b(h) - l(h). Let t be y(-8). Calculate the highest common factor of 60 and t.
30
Let r be (-25)/(-5) + -16 + 785. What is the greatest common divisor of 72 and r?
18
Suppose 164*q - 283*q = 306*q - 201875. Suppose 5*k + 1425 = 5*o, 0 = 2*o - 2*k - 2*k - 570. What is the greatest common factor of o and q?
95
Let u(g) = -3*g**2 - 2*g + 3. Let v be u(-4). Let b(z) = -56*z + 1129. Let p be b(19). Let x = v + p. Calculate the highest common factor of 4 and x.
4
Let t(j) = -j + 240. Let v be t(0). Suppose 3*c = -20*a + 15*a + 1610, -533 = -c + 2*a. Let r = 565 - c. Calculate the highest common factor of v and r.
30
Let g = 337 + -216. Suppose 0 = 5*u + 5*l + 225, -4*u = -3*l + g + 80. Let z = u - -69. What is the highest common divisor of z and 14?
7
Suppose d + 2*d = -3. Let o be d*0*(-4)/16. Suppose -3*s + 9 + o = 0. What is the highest common divisor of 3 and s?
3
Let z = -9 + 10. Let f = 112 + -115. Let u(t) = t**3 + 3*t**2 - t + 2. Let v be u(f). Calculate the highest common divisor of z and v.
1
Let a(b) = -232*b - 602. Let o be a(-14). Calculate the greatest common divisor of o and 252.
126
Let q be -3 - ((-42)/8)/((-20)/(-160)). Let b = 147 + -43. Calculate the greatest common divisor of b and q.
13
Suppose 106*v - 70087 + 69027 = 0. Let m = 12 - 2. Calculate the greatest common divisor of m and v.
10
Suppose -3*h + 572 + 2447 = 2*w, 0 = -4*h - 4*w + 4024. Calculate the highest common divisor of 265 and h.
53
Let y = 8293 + -8253. Calculate the greatest common factor of y and 10.
10
Let j be (-9 - -8)*-228 - 4. What is the highest common divisor of j and 1428?
28
Let y = 8 - 6. Suppose -y*p - 4 = -4*p. Let s be (-1 - (-13)/7)/((-189)/(-1323)). What is the greatest common divisor of p and s?
2
Suppose z - 19 - 249 = 0. Let k = 300 - z. Calculate the greatest common factor of k and 96.
32
Let r = -12033 - -12645. What is the greatest common divisor of 45 and r?
9
Let o be (-4 + 15)/((7 - 6)*1). Calculate the greatest common factor of o and 7.
1
Let j be -3*(3 + 212/(-12)). Suppose -84 = -3*g - 9*g. Suppose -3*y = -g*y + 44. What is the highest common divisor of j and y?
11
Suppose -7*w + 3*w + 19 = -3*a, 4*a = 4*w - 20. Suppose -w*j + 242 = -0*j + x, x = 2. What is the greatest common factor of 4 and j?
4
Let f = 605 - 603. Suppose -5*i = 4*t - 35, 0 = -f*t - 0*t - 10. Calculate the highest common factor of 803 and i.
11
Let l be (-8 + 3)*1288/(-140)*(-1 + 2). Calculate the highest common divisor of l and 31510.
46
Suppose 46*o - 713 = 1011 - 68. Let g be 6*2*(-99)/(-6). Calculate the greatest common factor of g and o.
18
Let b = 74 - 83. Let h = -16 + b. Let j be 2 + 1 - (h - (-7 + 3)). What is the highest common divisor of 30 and j?
6
Suppose -5*m + 0 = f - 9, -4*m = 12. Suppose -f*d = -2172 - 2724. What is the greatest common divisor of 18 and d?
6
Suppose -5*v = 10, -7*y + 293 = -6*y + 5*v. Suppose -9*c + 255 + y = 0. What is the highest common divisor of c and 434?
62
Let i be 0/((-5)/(-1) + (16 - 19)). Let k be 3/(6/216 - i). Calculate the highest common factor of 48 and k.
12
Suppose -50*q - 229 = -g - 53*q, 10*g + 2*q - 2486 = 0. Calculate the greatest common divisor of 27000 and g.
250
Let l be 35 - -60*(-15)/90. Calculate the greatest common divisor of l and 9500.
25
Let p be (3 - -6)/((-3)/27). Let d = p + 116. Suppose -d*u = -30*u - 85. Calculate the greatest common divisor of 85 and u.
17
Let a(r) = 5*r**2 + 3*r - 1. Suppose h + g + 29 = 6*g, 5*g = 3*h + 37. Let c be a(h). Let b = c + -35. Calculate the greatest common divisor of b and 8.
8
Let c = -30 - -34. Suppose -c*y + 3*y = -8. Calculate the greatest common divisor of 52 and y.
4
Let k be (3 - (-3 - -1))*1. Suppose 10*x - k*a = 5*x + 1150, a + 680 = 3*x. Calculate the greatest common factor of x and 9.
9
Suppose -d - 2*a = -306, -79*a + 75*a - 16 = 0. Suppose -d*b + 322*b = 80. What is the highest common divisor of 45 and b?
5
Let n = -31 + -13. Let c be -2*((-8)/n - (-26)/(-22)). Suppose c*v = 3*q + 159, 4*v - 366 = -v - 3*q. Calculate the greatest common divisor of 30 and v.
15
Let u(v) = 3*v**2 - v - 4. Let i be (-1 - 2)/3 + 2 + 1. Let l be u(i). Let c be 12/8*20/l. What is the greatest common divisor of 2 and c?
1
Suppose 0 = 3*t + 1 + 11, 5*b - 115 = -5*t. What is the highest common divisor of b and 129?
3
Let i(m) = -m**2 - 26*m + 129. Let w be i(-30). Let r be 35*-4*(5 - w). What is the greatest common divisor of 35 and r?
35
Suppose 0 = 22*q - 25*q - 3*x + 10629, 3573 = q + 7*x. What is the highest common divisor of 232 and q?
58
Let l(k) = -k**2 - 6*k + 55. Let v be l(-10). Suppose -v*u = -1444 - 311. Calculate the greatest common factor of 273 and u.
39
Let a = -413 - -494. Let p = 303 + -285. What is the greatest common divisor of a and p?
9
Let u be (8/(-10))/((-2)/55). Suppose -3*j - 3 = -5*i + 4*i, -4*i - 3 = 3*j. Suppose i = 7*s - 110 - 275. Calculate the highest common divisor of u and s.
11
Let q be (20/6)/((-5)/(-82 + 7)). Let u be (-6 - -4)*(-33)/2. Let v = u - 13. Calculate the greatest common divisor of q and v.
10
Let u = -3342 + 3384. What is the highest common factor of 2674 and u?
14
Suppose 6*r + 5*z = 10633, -2*r + 5*z - 2087 + 5598 = 0. Calculate the highest common factor of r and 5083.
221
Suppose -60*b + 62*b - 770 = 0. Suppose -15*x - 16*x = -3410. Calculate the highest common divisor of b and x.
55
Suppose 27273 = 5*o + 4*v, -3*v = -17*o + 20*o - 1